se 1627543 = 34*a - 44849. Let k = a + 19279. Is k a composite number?
True
Let b be (3/(-12))/((-2)/32). Suppose z = 2*x + x + 437, -b*x = z - 465. Is z prime?
True
Suppose -3*u + 23028 = u. Suppose 2*o + u = 2*h - 25045, -5*o - 61606 = -4*h. Is (-4)/((-48)/h) - 2/8 prime?
True
Suppose 3*i - 2*q - 5474 = 0, -3*i + 2976 = 2*q - 2494. Suppose 3*p - i = -0*y - 2*y, 0 = -5*p + 5*y + 3065. Let v = p - 63. Is v a composite number?
False
Is 292670 - 1*(16 - 25) composite?
False
Let t = 15280 - 10360. Is t - -2*(-3)/3 composite?
True
Let f(d) = 11261*d**2 + 10640*d**2 + 351*d**2 + 3. Is f(1) a composite number?
True
Suppose -29074 = 5*b - q - 710993, -5*b + 2*q = -681913. Is b a prime number?
False
Suppose 6*v + 124 = -104. Let f = v + 42. Suppose -f*b + 167 = -1317. Is b a prime number?
False
Let y(o) = -o**2 + 8*o + 3. Let l(d) = d**2 - 9*d - 2. Let a(g) = 2*l(g) + 3*y(g). Let h be a(6). Suppose -6*m + h*m = -379. Is m prime?
True
Is (-16 + 47130)*-2*(14/(-8))/1 a prime number?
False
Is 30/(-59 + -1) - 470183/(-2) a composite number?
False
Let u(f) = f**2 + 9*f - 22. Let q be u(-11). Suppose 56*g - 50*g - 18474 = q. Is g composite?
False
Let u = -875 - -877. Suppose -5*f - u*v + 174569 = 0, -4*f - v = -4*v - 139646. Is f a prime number?
True
Suppose 5*y - 3*x - 1 = 0, -35 + 16 = -2*y - 5*x. Suppose -3*u + 8171 = 5*i, 9*u - y*i - 13608 = 4*u. Is u a composite number?
True
Is 181819 - 43/(817/342) prime?
False
Suppose -5*r - 2*d + 363 = 0, r - 67 = -0*r + d. Let l = 76 - r. Suppose -2*o - 2205 = -l*y, 0 = -3*o - o - 20. Is y prime?
True
Let b(p) = 11*p**2 - 7*p - 17. Let i(t) = 21*t**2 - 15*t - 34. Let a = -91 - -95. Let y(o) = a*i(o) - 7*b(o). Is y(-9) a prime number?
False
Is (((-56)/24)/(-7))/((-10165008)/(-2033001) + -5) prime?
True
Let m(h) = 2*h**3 - h**2 + h + 1. Let s(l) = 3*l**3 - 36*l**2 + 36*l - 41. Let r(w) = m(w) - s(w). Is r(29) composite?
False
Suppose 0 = x + 5 - 0, 2*h = 4*x - 1642. Let l = 256 + h. Let i = l + 864. Is i a composite number?
True
Suppose -49*j = -6063692 - 3323973. Is j composite?
True
Let v be 0*3/6 - 224. Let b be (0 + v)/(3/(-9)). Let m = b + 205. Is m a composite number?
False
Suppose 0 = -2*o + 1479 + 6575. Suppose -o - 1361 = -6*s. Is s composite?
True
Suppose 3*c + 233067 - 263788 - 633188 = 0. Is c prime?
True
Is 810/3645 - (-9881006)/18 a prime number?
False
Suppose 3820 + 6119 = 3*w. Let q = w - 1466. Is q a prime number?
True
Let l = 100 + -96. Let t(n) = 17*n**3 - 6*n**2 - n + 15. Is t(l) prime?
False
Let t(x) = -x**3 - 18*x**2 - 15*x + 2. Suppose -58 = -6*o + 9*o - 2*w, -3*o - w - 52 = 0. Let k be t(o). Suppose 4*b = k + 4940. Is b prime?
True
Suppose -2*h = k + 8836, 2*h + 4*k = -2748 - 6076. Is h/(-36) - (-8)/36 composite?
True
Suppose -2*y - 14 = 3*z, 3*y + 3 = -0*y. Let k(a) = -173*a + 33. Let i(s) = -345*s + 68. Let c(r) = -6*i(r) + 13*k(r). Is c(z) composite?
True
Suppose 0 = -3*h - h - 5*c, -2*c = -3*h + 23. Suppose -h*w - 8*t + 3*t + 15 = 0, 4*w + 5*t = 14. Is 157*3/(3/w) composite?
False
Let n(m) = -4813*m - 1457. Is n(-12) a prime number?
True
Let k(d) = 27*d**2 + 2*d - 4. Let p be k(2). Let w = p - -20. Suppose 83 = s - w. Is s a composite number?
False
Suppose 3*b = -5*y + 136213 + 136125, 0 = y + 7. Is b composite?
True
Let z(h) = -2*h**3 + 75*h**2 - 26*h - 108. Is z(31) composite?
False
Is (-18)/72 + (-3 - (-119282)/8) a prime number?
False
Is (-11 - (-4 + -5))*(0 + 66207/(-6)) a composite number?
True
Suppose -3*i + 67 = 4*q, 4*q = -q + i + 60. Suppose q*y = 8*y + 23860. Let j = -2871 + y. Is j a composite number?
False
Let r = -229 - -241. Let t(g) = 6*g**3 - 10*g - 65. Is t(r) composite?
True
Is (62460 + -1)/(1/20 + 171/180) composite?
False
Let l(t) = -t**2 - 11*t + 24. Let r be l(-10). Let y = r + -39. Is (1324/y)/(20/(-50)) a prime number?
False
Let n be (-17)/(102/(-694746)) + -4*1. Let f = -40284 + n. Is f prime?
True
Let g(a) = -a**3 + 115*a**2 + 536*a - 349. Is g(114) composite?
False
Suppose -3*r = -5*m - 17843, 6*m - 4*m = -3*r + 17857. Is r composite?
True
Let o(d) = 10*d**2 + 2*d - 23. Let u(v) = -11*v**2 - v + 23. Let y(q) = 6*o(q) + 5*u(q). Is y(6) a prime number?
True
Is (2/8 - 4163779/(-20)) + (-2943)/14715 a composite number?
False
Let z be (4 - (-10)/(-4))*8/3. Suppose -y = 4*y - 2*v - 1333, -v - 1064 = -z*y. Is y composite?
True
Let i = 114 + -105. Suppose 0 = -i*l - 3672 + 16614. Is l a prime number?
False
Suppose 20 = 5*u, -f + 2*u - 2 = 1. Suppose -10*c + 13459 = -110421. Suppose 4*y + 6*z - c = 2*z, f*y - 15489 = -z. Is y a prime number?
False
Suppose 143167 = 5*u - a - 342263, -3*u - a = -291250. Is u a prime number?
False
Suppose -99649*l + 99652*l = 1246407. Is l a prime number?
True
Let r be (120/(-21) + 6)/((-1)/(-14)). Suppose -r*j + 2*y + 15774 = 0, -5*j + 2*y - 3956 = -6*j. Is j prime?
False
Let q be -4 + -1 + -2 + 4587. Suppose -23*s + 27*s = q. Is s a prime number?
False
Suppose -2*w - 63 = -9*w. Suppose -5*i + w*i = -4, -2*i - 4271 = -3*y. Is y a composite number?
False
Let a = 132 + -127. Suppose -10862 = -2*m - 4*c, -m + 2*m - a*c - 5452 = 0. Is m a prime number?
True
Let y be 6/(-14) + (-114)/(-21). Suppose -4*a + 6*a - y*c - 18 = 0, 2*a - 4*c = 22. Suppose -22*f + 1959 = -a*f. Is f prime?
True
Let o(l) = 6*l**2 - 27*l + 4. Let m be o(8). Let w be ((-1)/2)/((-1)/1326). Let c = w - m. Is c a composite number?
False
Let q(v) = 1272574*v + 475. Is q(1) composite?
True
Let x be (-2)/3 + (-2)/(-3). Suppose -3*j - 2*j + 10 = x. Let r(p) = 367*p**3 + 4*p - 5. Is r(j) a prime number?
True
Suppose 4*l = 5*l, 0*y - 5*y + 2*l + 2218745 = 0. Is y composite?
False
Let f be (-50)/(-200) + (-6)/(-8). Is (-7)/(-28) + f + 87315/20 composite?
True
Let r be ((-10)/(-30))/((-1)/(-12)). Suppose -2*u = 4*m - 130, 24 - 94 = -3*m + r*u. Let v = 247 - m. Is v a prime number?
False
Let k be (2/12)/(12/216). Suppose i = -b + 1538, -3461 = -k*b + i + 1141. Is b a composite number?
True
Let p(q) be the third derivative of -41*q**4/2 - 77*q**3/6 - 27*q**2. Is p(-18) prime?
True
Suppose -15*w - 42 = -9*w. Is 2/w + 34530/21 + -5 a prime number?
False
Suppose 38*z + 120593 + 284725 = 3746392. Is z composite?
True
Suppose -149*j + 127*j + 231418 = 0. Is j a composite number?
True
Suppose 5*d + 24949 = -142111. Let b = -21621 - d. Is b prime?
False
Let o be ((-9)/3 + 2)*-3. Suppose 10469 - 860 = o*l. Is l a composite number?
False
Suppose -9*g + 3*g + 83400 = 0. Suppose -4*z + 1640 + g = 0. Suppose 3*c = -l + 3354, 4*c = -l - 536 + z. Is l a composite number?
True
Is (-2 - -71)*(-34)/(-6) composite?
True
Suppose 2*b - 3*t = -1, -5*t + 2 - 3 = -4*b. Suppose 0 = -4*r + 3*v + 79358, -r + b*v + 17531 + 2302 = 0. Is r composite?
False
Suppose -634*a + 101000883 = -541*a. Is a a composite number?
False
Suppose -4*u + v - 14387 = 0, -4*v + 2*v + 10794 = -3*u. Let o = u + 15931. Is o composite?
True
Suppose -m + 11035 = 4*g + 451, -m + 10591 = -3*g. Suppose k + m = 5*k. Is k a prime number?
True
Let j(o) = -40*o**3 - 14*o**2 + 46*o + 365. Is j(-18) composite?
False
Let y(k) = k**2 + k - 8. Let n be y(4). Let c = n - 32. Is (c/50)/((-2)/3715) a composite number?
False
Let i(z) = -z**3 - z**2 - 1. Suppose 9*v - 4*v = -10. Let k be i(v). Is (1565/(-10) + 3)*(k - 5) a prime number?
True
Suppose -4*j + 4 = 0, -2*p - 396*j + 393*j = -553237. Is p a prime number?
False
Let o(s) = 84*s**2 - 6*s + 51. Let t be (2 - 12)*(-4)/(-72)*9. Is o(t) a prime number?
False
Suppose 5*d + 1 = 2*t + 6, -4*t + 5*d = 5. Suppose 0*b = -4*b - f + 43607, t = -b + 2*f + 10913. Is b composite?
False
Let y = 5939 - -2852. Is y composite?
True
Let q be (-2)/10 - (-89190)/75. Is (q/(-2) + 4)*-2 composite?
False
Suppose 0 = -5*w + 15, 6*x - 775 = 4*x + 3*w. Suppose 2*u - 582 - x = 0. Is u composite?
False
Suppose 50*f + 667168 = 52*f - 570478. Is f composite?
False
Let c = -121 - -145. Let m(g) = 18*g - 36*g + 9*g**2 - 1 + c*g. Is m(5) a prime number?
False
Let t = 13 + -8. Let z(m) = 2*m**2 - m - 1. Let u(i) = 3*i**3 + 13*i**2 + 2*i - 11. Let o(l) = u(l) - 5*z(l). Is o(t) composite?
False
Let t(s) = -112*s**3 - s**2 + 4. Let l be t(-2). Suppose 0 = -4*i + 5*i. Is l + (-5 - i) - 2 a composite number?
True
Let j = 2468 + 93135. Is j prime?
True
Let i(g) = 12*g**2 - 4*g + 10. Let r be i(3). Let l = 107 - r. Is (-4 + -47*(-81 